. What is the tens digit of x?
1
Let p be (-63 - -61)/((0 + -1)*2). Let m be (-1 + p)/(1 - -1). Suppose 4*d - 400 = -2*s, m*d + 1052 = 5*s - 3*d. What is the hundreds digit of s?
2
Suppose -8*j = 21*j - 18676. What is the tens digit of j?
4
Let z(n) = 3*n - 6*n + 42 - 3*n + 3*n. Let p be z(13). What is the units digit of (3180/25 - p) + (-2)/10?
4
Suppose 4*p = 2*l - 20, -10 = 4*l + 5*p + 2. Let g be (-4 - -2)/(6/(-9)). What is the tens digit of (l - -1) + 111 + g + -2?
1
Let t be -12 + -21 + -1 + -2. Let j be 171/t*(-72)/2. Suppose 6*k - k = -3*c + j, 4*c - 220 = -4*k. What is the tens digit of c?
5
Let t(n) = 8*n**3 + 30*n**2 - 59*n - 4. What is the tens digit of t(19)?
7
Suppose 0 = -3*r - 3*i + 34320, 5*i + 34376 = 10*r - 7*r. What is the ten thousands digit of r?
1
Suppose 0 = 2*l + 4*r - 2, -r + 2*r + 40 = 4*l. What is the tens digit of 260/6 - l/27?
4
Let d(b) = 141*b**2 - 44*b + 164. What is the tens digit of d(4)?
4
Let b(x) = x**2 - 38*x - 27. Let w be b(17). Let h = 758 + w. What is the tens digit of h?
7
Let l(q) = -q**3 - q**2 - q + 25. Let d be l(0). Suppose 0 = i + d. Let m = i + 29. What is the units digit of m?
4
Let s = 203 + -199. Suppose -9*n + 8*n + 3697 = s*p, 3*p + 2*n = 2774. What is the tens digit of p?
2
Suppose -37*b + 2331274 = 685773. What is the units digit of b?
3
Let c(j) = 3*j + 8. Let p be c(2). Suppose 5*w - 4*k + 461 + p = 0, 5*w + 480 = 3*k. Let o = w + 174. What is the tens digit of o?
7
Let g(z) = 43 + 59 + z**3 - 29*z - 100 + 20*z**2. Let y = -19 + -2. What is the hundreds digit of g(y)?
1
Let u(j) = j**3 + 38*j**2 - 39*j + 379. What is the tens digit of u(-23)?
1
Suppose 3*s = -f + 43, -8*f + 11*f = s - 1. Suppose 0 = -5*b, 0 = s*u - 15*u - b + 2964. What is the tens digit of u?
8
Suppose -5*h = -124 + 109, -3*h + 8869 = 4*a. What is the thousands digit of a?
2
Suppose 87*d - 82*d = 41150. What is the hundreds digit of d?
2
Let q be (-8)/6*-2*15/10. Suppose 93 = 5*p - 3*j - 526, -q*j + 8 = 0. What is the tens digit of p?
2
Let j(r) = -13*r - 8. Let m(z) = -15*z - 10. Let o(x) = -6*j(x) + 5*m(x). Let w(l) = l**2 + 2*l - 5. Let s be w(-4). What is the units digit of o(s)?
7
Suppose 4*x + 1108 = 4*s, -3*s + 875 = 4*x + 30. Let t be (((-8)/(-6))/2)/(2/s). Suppose t = 3*m + 5*a, -4*m + 16 = 2*a - 108. What is the units digit of m?
1
Suppose 3*h - 4*f = 2, -3*h - h - 5*f - 18 = 0. Let y be -3 - ((-155)/(-5) + h). Let t = -7 - y. What is the tens digit of t?
2
Let a(b) = b**2 - 4*b - 14. Let d be a(6). Let j be (-217)/d + (-5)/10. Suppose 2*n = -4*x + j, 5*n - 69 = -3*x + 5. What is the units digit of x?
8
Suppose 0*b = -10*b + 460. Suppose -2146 = -4*a + b. What is the hundreds digit of a?
5
Let t(a) = -a**2 + 39*a + 52. Let r be t(37). Suppose 0 = -s + x - 2*x + r, -495 = -4*s - x. What is the tens digit of s?
2
Let k = 8739 + -4732. What is the tens digit of k?
0
Suppose 394*i - 410*i = -62272. What is the units digit of i?
2
Let x = 6073 + -3308. What is the units digit of (-76)/(-5)*x/158?
6
Let q be (-3)/(-6) - 3/6. Suppose q*h - 13*h = -11492. What is the hundreds digit of h?
8
Suppose -6*g + 256200 = 5*g + 3*g. What is the units digit of g?
0
Let z = 3419 - 2824. What is the hundreds digit of z?
5
Suppose -185*o - 248733 = -9532958. What is the tens digit of o?
8
Let z(r) = -r**2 + 20*r - 86. Let q be z(13). What is the units digit of (2 - 615)*-2*q/10?
3
Let w(y) = -57*y - 198. Let g(b) = 117*b + 397. Let v(c) = -3*g(c) - 7*w(c). What is the hundreds digit of v(7)?
5
Suppose 561*b + 538*b - 1085*b - 258104 = 0. What is the hundreds digit of b?
4
Suppose 0*r - 120 = 5*r. Let f = 27 + r. Suppose 3*x + f*x - 444 = 0. What is the units digit of x?
4
Let g be 1 - (-4 + (0 - -3)). Suppose g*k = -54 + 14. Let q(l) = -3*l + 41. What is the units digit of q(k)?
1
Let g be ((-16)/(-88) + 4604/88)*2. What is the tens digit of (0 + 8)*6*g/9?
6
Let j(v) = 4*v**2 + 16*v - 13. Let t be j(-9). Suppose 0 = a + 20 - t. What is the tens digit of a?
4
What is the hundreds digit of (-3)/((-5)/3*(-54)/(-4020))?
1
Let r(w) = -4*w**2 - 52*w + 1. Let h be r(-13). Suppose 4*y = s + 3*s - 52, 0 = -3*s + 2*y + 36. What is the tens digit of (372 + s)/(3 - h)?
9
Let n(v) = -171*v - 5703. What is the hundreds digit of n(-49)?
6
Suppose 0 = -3*n + r + 254489, n + 581*r - 84827 = 582*r. What is the tens digit of n?
3
Suppose 3*u = -0*u. Suppose -k = -b - u*b + 96, 5*k = 0. Suppose -2*m = f + f - b, 3*f + m = 136. What is the units digit of f?
4
Suppose 4*q = 0, -4*q + 9*q = 3*g - 6. Suppose -11*z - g*z + 9828 = 0. What is the tens digit of z?
5
Let v = -208 + 2896. Suppose 0 = 11*r - 19*r + v. What is the tens digit of r?
3
What is the hundreds digit of (5 - 234548/(-8)) + (-4)/((-32)/(-12))?
3
Let g = -40 - -59. Suppose 0 = -g*m + 23*m - 1868. What is the hundreds digit of m?
4
Suppose -5*q + 4 = -1. Let u be 2 - -1 - ((-4)/q + 4). What is the tens digit of (u - (-116)/8)*(1 - -1)?
3
Suppose 102 = 5*h + 12. Let t = 29 - 9. Suppose t*x + h = 23*x. What is the units digit of x?
6
Let n = 27538 + -3269. What is the ten thousands digit of n?
2
Suppose 96383 - 51093 = 60*d - 110170. What is the hundreds digit of d?
5
Suppose -19*w + 16*w = 531. Let g = w - -449. What is the tens digit of g?
7
Let a = -4556 - -26383. What is the hundreds digit of a?
8
Let c(j) = -40*j + 80. Let o(h) = 8*h - 16. Let q(u) = -4*c(u) - 22*o(u). What is the hundreds digit of q(-17)?
3
Let g = 39719 + -8702. What is the units digit of g?
7
Suppose -50*r + 453077 = -362173. What is the ten thousands digit of r?
1
Let h(x) be the third derivative of 11*x**7/1260 - x**5/120 - x**4/8 - 13*x**2. Let z(u) be the second derivative of h(u). What is the units digit of z(-1)?
1
Let b = -32137 - -66688. What is the units digit of b?
1
Let g = -1421 - -1385. Suppose -405 = -p - 2*p. Let b = p + g. What is the units digit of b?
9
Let v be (7 - 0) + (-12876)/(-37). Suppose -3*i = v - 1069. What is the units digit of i?
8
Let k(o) = -o**3 - 38*o**2 - 77*o + 34. What is the hundreds digit of k(-37)?
5
Let c(u) = -u**3 + 6*u**2 + 6*u + 12. Let z be c(7). Suppose -w = z*b - 1077, b - 429 + 1476 = w. What is the hundreds digit of w?
0
Let h(n) be the first derivative of n**3 + 7*n**2 - 9*n + 27. What is the hundreds digit of h(7)?
2
Suppose -13*l + 9*l + 7 = -x, 3*x - 7 = -2*l. What is the units digit of 2259/(-6)*(1 + x)/(-1)?
3
Suppose 3*g + 6*u - 47088 = 9*u, -2*g + 31413 = 5*u. What is the thousands digit of g?
5
Suppose 4*o + 16 = 14*z - 17*z, -z + 5*o + 20 = 0. Suppose z = -5*j - 912 + 8297. What is the thousands digit of j?
1
Let q be 2*(5 + 10/(-4)). What is the hundreds digit of 480 + ((-35)/q)/(-7)?
4
Let p = -69163 - -99020. What is the thousands digit of p?
9
Let b = 4327 - 4222. What is the units digit of b?
5
Suppose -2880 = 26*z - 62*z. What is the tens digit of z?
8
Suppose -10 = z + 2*z - 5*l, -4*l + 35 = 3*z. Suppose o = v + 1280, 3*v - 4256 = -z*o + 2136. What is the thousands digit of o?
1
Let a = -1598 - -739. Let i = -608 - a. What is the tens digit of i?
5
Suppose -9*s = -8*s + 3*j + 164, 0 = -4*s - j - 656. What is the hundreds digit of 3508/5*(-410)/s?
7
Let d be ((-6)/10 + 1)/((-31)/(-3410)). Let o(k) = k**3 - 13*k**2 - 13*k + 5. Let w be o(14). Let p = d - w. What is the units digit of p?
5
Let u(h) = -1102 - 1026 + 43*h + 2055. What is the tens digit of u(7)?
2
Let y(m) = m**2. Let c(i) = 83*i**2 + i + 41. Let t(b) = c(b) - 6*y(b). What is the tens digit of t(-4)?
6
Let v be 2/(36/(-2586)) - 1/3. Let d = 235 + v. What is the units digit of d?
1
Let i(j) = 133*j - 269*j - 2*j**2 + 134*j + 1 - 20*j**3. Let s be i(-3). Suppose -251 = -5*q + s. What is the units digit of q?
6
Let g = 42447 - -47758. What is the tens digit of g?
0
Let i(y) = -10*y - 20. Let r be i(-2). Let u(k) = -k**3 - k**2 - 4*k + 3*k + 2*k + 65. What is the tens digit of u(r)?
6
Suppose 73*w = 85*w - 12. What is the units digit of (19 - w)/((-8)/(-72))?
2
Let d(b) = -3*b**2 + 67*b + 39. What is the hundreds digit of d(19)?
2
Let f be (-3 - 2)/(-10) - 7043/(-2). Suppose -2*w - 534 = -u, 5*u + 4*w + 908 = f. What is the units digit of u?
6
Suppose -g = 1, k + 0*g - 178 = 5*g. Suppose -169*m + k*m = 608. What is the units digit of m?
2
Suppose 5*f = -172 - 113. Suppose -j + 4*o - 24 =